mmon divisor of u and 1?
1
Let n(p) = -p**3 - 23*p**2 + p - 3. Let i be n(-23). Let b = i - -34. Let s(r) = 23*r**2 - r. Let o be s(-1). Calculate the highest common divisor of o and b.
8
Suppose 17 = 2*m - 3. Let g be -2 + -4 + m + 16. Let n = 2 + 0. What is the highest common divisor of n and g?
2
Let j(k) = k + 6. Let l be j(-3). Let w be 0 + 2 + 309/l. Suppose u = 14 + 1. What is the highest common divisor of u and w?
15
Let x(s) = -4 + s + 2 + s**2 + 1. Suppose -10*k + 8 = -6*k. Let t be x(k). What is the highest common factor of t and 10?
5
Suppose -4*u - 12 = -2*u - 3*p, -4*u - p - 24 = 0. Let h be ((-140)/u)/((-4)/(-12)). What is the highest common divisor of h and 14?
14
Suppose -3*b = n - 245, -2*b = -3*b - 3*n + 95. Let l be 10368/b - (-2)/5. What is the greatest common factor of l and 52?
26
Suppose 3*a - 2*t - 1728 = 0, 5*t = -5*a + 1713 + 1167. Suppose 11*w - a = 755. Calculate the greatest common factor of 22 and w.
11
Let l(s) = 36*s - 48. Let j be l(2). Calculate the greatest common divisor of 16 and j.
8
Let b be (-8)/(-28) - (-38)/14. Suppose -5*o + 70 = -3*m, -b*m = -0*m + 2*o + 98. Let f be (m/(-4))/(9/24). What is the greatest common factor of f and 60?
20
Let z = 28 - 8. Let i be ((-32)/(-10))/(8/z). Calculate the greatest common divisor of i and 20.
4
Let a = 261 - 243. What is the highest common divisor of a and 90?
18
Suppose 0 = 5*u - 2*n + 22, 0 - 4 = n. Let j = 132 - 106. Let c = u + j. Calculate the highest common factor of 4 and c.
4
Let q be (-6537)/(-33) + 6/(-66). Calculate the highest common factor of q and 22.
22
Let j be 31902/910 + (-2)/35. Calculate the highest common divisor of j and 385.
35
Let n(a) = -2079*a - 81. Let t be n(-1). Calculate the greatest common factor of 54 and t.
54
Let k(w) = 2*w**2 + 5*w - 2. Let y be k(-3). Let m be (4/6)/(6/45). Suppose -2*n + y = -q + 25, m*n = 2*q - 47. What is the highest common divisor of q and 182?
26
Suppose 5*d - 395 = 4*q + 83, 3*d + 5*q = 309. Suppose 4*j = -2*m + d, 5*j + 5*m - 3*m = 124. What is the greatest common factor of j and 13?
13
Let j(p) = -161*p**2 - 7 + 3*p + 3*p + 162*p**2. Let k be j(3). What is the highest common divisor of k and 20?
20
Let w(j) = j**2 - 9*j + 130. Let q be w(0). What is the highest common divisor of 30 and q?
10
Let w(d) = -d**2 - 6*d + 3. Let y be w(-6). Suppose -2*o + y*x + 31 = 0, 5*o = x + 87 + 10. Calculate the greatest common divisor of 4 and o.
4
Let f(g) = -g - g - 4*g**2 + g**3 - 2*g**2 + g**2. Let n be f(6). Suppose 0 = 11*o - 30 - 146. What is the highest common divisor of o and n?
8
Suppose 0 = -2*v - 3*v + 340. Suppose 5*h - h - v = 0. What is the greatest common divisor of h and 68?
17
Suppose 13*b = 16*b + 48. Let i = b - -18. What is the greatest common factor of i and 2?
2
Let x be (2 + -1)/(6/9 + -1). Let l be 2/2 + x - -50. Calculate the greatest common factor of l and 6.
6
Let b be 5/35 - 228/(-21). Let m = -8 + b. Suppose -54 = -4*g - 2*g. Calculate the highest common factor of g and m.
3
Suppose 0 = 6*x + 48 - 120. Let v(t) = 4*t - 30. Let h be v(x). What is the highest common factor of h and 9?
9
Suppose 3*h + 54 = 4*z, 5*z + 5*h - 83 = h. Calculate the greatest common divisor of z and 3.
3
Suppose -366 = 6*v - 426. What is the greatest common factor of 1910 and v?
10
Suppose 5*b = -4*y + 668, 3*y = 4*b - 0*y - 553. What is the highest common factor of b and 17?
17
Let v(d) = -d**3 + 4*d**2 + 4*d + 12. Let c be v(5). Let i(k) = -7*k + 1. Let o be i(-4). Let l = 50 - o. What is the greatest common factor of c and l?
7
Suppose -3*a = 3*d - 2763, 3*a = 5*d - 648 + 3387. What is the highest common factor of a and 54?
54
Suppose -3*s - 256 = -2*i, -4*s - s = 10. Suppose i = 3*r + 2*r. Suppose -144 = -3*b + 81. What is the greatest common factor of b and r?
25
Suppose -102 = -4*p + 10. Calculate the greatest common factor of 16 and p.
4
Suppose -9 = -2*j - 5*v, -10 = -j - 4*v + 2. Let k(z) = z**2 - 7*z - 8. Let i be k(j). What is the greatest common divisor of i and 14?
14
Let s be 13/((-455)/(-360))*-14. Let w = 268 + s. What is the greatest common divisor of w and 31?
31
Suppose -97 = -2*c + 145. What is the greatest common divisor of c and 22?
11
Let t(w) = 2*w + 12. Let x be t(-5). Suppose 40 = -x*y + 4*y - 4*g, 3*y + g - 60 = 0. What is the highest common factor of 8 and y?
4
Let s be 3/(-12) - (-356)/16. Let l be (-3 + 4)*(-4)/(-1). Suppose 2*d - b + 5*b = 44, -88 = -4*d + l*b. Calculate the highest common divisor of s and d.
22
Let c be (16/(-12) - (0 - 1))*-48. Suppose 200 = 6*z - z. What is the highest common divisor of z and c?
8
Let p(k) = -k**2 + 4*k + 5. Let q be p(5). Let f(g) = g**3 + g**2 + 2. Let a be f(q). Calculate the greatest common factor of 6 and a.
2
Suppose 11*t = 6*t + d + 206, d = 2*t - 80. What is the highest common divisor of 378 and t?
42
Let c(p) be the third derivative of p**6/120 + p**5/10 + p**4/12 - p**3/6 - 26*p**2. Let a be c(-3). Calculate the greatest common factor of 260 and a.
20
Suppose -3*a - 5*s - 24 = 0, -4*s = 2*a + 6 + 12. Let h be 1/((-3)/(3*a)). Let x be 0 + 5/(-4) - (-4500)/144. Calculate the highest common divisor of h and x.
3
Suppose 4*o + 5 = y - 34, -4*y + 5*o = -134. What is the greatest common divisor of 1984 and y?
31
Let u(s) = s**2 - 4*s - 58. Let w be u(11). Suppose 5*p + 25 = 0, 2*m - p + 36 = -3*p. Let n = w - m. What is the greatest common factor of 224 and n?
32
Suppose -77*j + 396 = -44*j. What is the highest common divisor of 44 and j?
4
Suppose -27*j = 181 - 748. Calculate the greatest common factor of j and 217.
7
Let y = -1591 - -2390. Calculate the greatest common factor of y and 17.
17
Let y = -328 - -537. Suppose -111 - y = -4*i. What is the greatest common divisor of i and 20?
20
Suppose -w + 3 = 0, -5*a - w - 54 = -1102. Let q = 355 - 336. Calculate the greatest common divisor of a and q.
19
Suppose -5 - 7 = -4*t. Let n = 106 + -105. What is the highest common factor of n and t?
1
Let j be (-50)/775 - (-15037)/31. What is the highest common divisor of 194 and j?
97
Let o = -552 - -724. Calculate the greatest common factor of 43 and o.
43
Let b(z) = 1098*z - 3 - 1096*z + 15. Let w be b(-4). Calculate the highest common divisor of 28 and w.
4
Let i be -1*7 + (-576)/8928 + 686/62. Let j(d) = 2*d + 8. Let h be j(-6). Let l be 2/8 - 175/h. What is the greatest common factor of l and i?
4
Let y(t) = -5*t**2 + 6*t - 18. Let j be y(5). Let l = j + 161. What is the highest common factor of 12 and l?
12
Let a be (-5)/(-2)*(2 + 0). Suppose -11 = -a*x - 3*g, -3*g - 6 = -g. Suppose -115 = -x*u + 21. Calculate the highest common divisor of u and 51.
17
Let a(r) = 13*r**3 - 3*r - 2. Suppose -4*l + 2 = 10. Let t be a(l). Let o be (t/60)/(2/(-12)). Calculate the greatest common divisor of o and 90.
10
Suppose 10*s + 97 = 437. Calculate the highest common divisor of 85 and s.
17
Let n be 15/10 + (-65)/(-2). Suppose -j = -2*j + 69. Suppose 4*o - j + 1 = 0. What is the highest common divisor of o and n?
17
Suppose 8040 = 18*j - 6*j. Calculate the greatest common factor of 10 and j.
10
Let w(o) = -o - 4. Let x be (-6)/(-27) - (-328)/(-18). Let s be (-3 + -1)*x/(-8). Let m be w(s). Calculate the greatest common factor of m and 10.
5
Let c(r) = -r - 3. Let j = 13 + -17. Let n be c(j). Suppose -y = 2*q - 10, 2*q + 5*y - n - 1 = 0. What is the greatest common factor of 66 and q?
6
Let p be 95*(2 - (-4)/(-5)). What is the greatest common divisor of p and 9?
3
Suppose 2*f + 2*y + 0 = -4, 5*y + 10 = f. Suppose 2*h - 179 - 1 = f. Let i(k) = -18*k. Let w be i(-1). What is the highest common divisor of h and w?
18
Suppose -3*n - 92 = -5*n. Suppose -2*w = -f + 38, 2*f - n = f + 4*w. What is the highest common divisor of f and 20?
10
Suppose 0 = 5*o - 9*o + 288. What is the greatest common factor of 24 and o?
24
Suppose -8*q + 19*q = 3036. What is the highest common factor of 621 and q?
69
Suppose 0 = 17*s - 20*s + 12. Let y(o) = o + 12. Let c be y(-9). What is the greatest common divisor of c and s?
1
Suppose -3423 + 223 = -10*y. Calculate the greatest common divisor of 20 and y.
20
Suppose c = -0*c + 4. Let g be -4 - (-33)/(5 + -2). Suppose 0 = 5*l - 43 - g. Calculate the highest common factor of c and l.
2
Let d = -775 - -2055. Calculate the greatest common 